{"id":20,"date":"2019-03-27T12:30:11","date_gmt":"2019-03-27T12:30:11","guid":{"rendered":"http:\/\/hernanboeri.cl\/v3\/?page_id=20"},"modified":"2019-06-17T22:31:17","modified_gmt":"2019-06-17T22:31:17","slug":"sierras","status":"publish","type":"page","link":"https:\/\/hernanboeri.cl\/v3\/sierras\/","title":{"rendered":"Sierras"},"content":{"rendered":"<section class=\"l-section wpb_row height_medium\"><div class=\"l-section-h i-cf\"><div class=\"g-cols vc_row type_default valign_top\"><div class=\"vc_col-sm-9 wpb_column vc_column_container\"><div class=\"vc_column-inner\"><div class=\"wpb_wrapper\">\r\n\t<div class=\"wpb_text_column \">\r\n\t\t<div class=\"wpb_wrapper\">\r\n\t\t\t<p>Proveemos sierras circulares para aserraderos, plantas de remanufactura, e industria del mueble.<\/p>\n\r\n\t\t<\/div>\r\n\t<\/div>\r\n<div class=\"g-cols wpb_row type_default valign_top vc_inner  vc_custom_1558122265388\"><div class=\"vc_col-sm-4 wpb_column vc_column_container\"><div class=\"vc_column-inner\"><div class=\"wpb_wrapper\"><div class=\"w-image align_center\"><div class=\"w-image-h\"><img loading=\"lazy\" decoding=\"async\" width=\"1000\" height=\"668\" src=\"https:\/\/hernanboeri.cl\/v3\/wp-content\/uploads\/2019\/05\/DSC_2816_1000.jpg\" class=\"attachment-full size-full\" alt=\"\" srcset=\"https:\/\/hernanboeri.cl\/v3\/wp-content\/uploads\/2019\/05\/DSC_2816_1000.jpg 1000w, https:\/\/hernanboeri.cl\/v3\/wp-content\/uploads\/2019\/05\/DSC_2816_1000-300x200.jpg 300w\" sizes=\"auto, (max-width: 1000px) 100vw, 1000px\" \/><\/div><\/div><\/div><\/div><\/div><div class=\"vc_col-sm-4 wpb_column vc_column_container\"><div class=\"vc_column-inner\"><div class=\"wpb_wrapper\"><div class=\"w-image align_center\"><div class=\"w-image-h\"><img loading=\"lazy\" decoding=\"async\" width=\"1000\" height=\"668\" src=\"https:\/\/hernanboeri.cl\/v3\/wp-content\/uploads\/2019\/05\/DSC_2823-2_1000.jpg\" class=\"attachment-full size-full\" alt=\"\" srcset=\"https:\/\/hernanboeri.cl\/v3\/wp-content\/uploads\/2019\/05\/DSC_2823-2_1000.jpg 1000w, https:\/\/hernanboeri.cl\/v3\/wp-content\/uploads\/2019\/05\/DSC_2823-2_1000-300x200.jpg 300w\" sizes=\"auto, (max-width: 1000px) 100vw, 1000px\" \/><\/div><\/div><\/div><\/div><\/div><div class=\"vc_col-sm-4 wpb_column vc_column_container\"><div class=\"vc_column-inner\"><div class=\"wpb_wrapper\"><div class=\"w-image align_center\"><div class=\"w-image-h\"><img loading=\"lazy\" decoding=\"async\" width=\"1000\" height=\"668\" src=\"https:\/\/hernanboeri.cl\/v3\/wp-content\/uploads\/2019\/05\/DSC_2824_1000.jpg\" class=\"attachment-full size-full\" alt=\"\" srcset=\"https:\/\/hernanboeri.cl\/v3\/wp-content\/uploads\/2019\/05\/DSC_2824_1000.jpg 1000w, https:\/\/hernanboeri.cl\/v3\/wp-content\/uploads\/2019\/05\/DSC_2824_1000-300x200.jpg 300w\" sizes=\"auto, (max-width: 1000px) 100vw, 1000px\" \/><\/div><\/div><\/div><\/div><\/div><\/div>\r\n\t<div class=\"wpb_text_column \">\r\n\t\t<div class=\"wpb_wrapper\">\r\n\t\t\t<p>Proveemos sierras huinchas de diferentes dimensiones seg\u00fan requerimiento del cliente.<\/p>\n\r\n\t\t<\/div>\r\n\t<\/div>\r\n<\/div><\/div><\/div><div class=\"vc_col-sm-3 wpb_column vc_column_container\"><div class=\"vc_column-inner\"><div class=\"wpb_wrapper\"><div class=\"w-btn-wrapper width_auto align_center\"><a class=\"w-btn us-btn-style_1\" href=\"http:\/\/hernanboeri.cl\/v3\/cotizaciones\/\"><span class=\"w-btn-label\">Cotizaciones<\/span><\/a><\/div><div class=\"w-separator size_small with_line width_default thick_1 style_solid color_border align_center\"><div class=\"w-separator-h\"><\/div><\/div>\r\n\t<div class=\"wpb_text_column \">\r\n\t\t<div class=\"wpb_wrapper\">\r\n\t\t\t<p><strong>Direcci\u00f3n<\/strong><br \/>\nBandera 899, Concepci\u00f3n \u2013 Chile<br \/>\n<strong>Tel\u00e9fono<\/strong><br \/>\n+56 41 3331450<br \/>\n<strong>Fax<\/strong><br \/>\n56 41-2910085<br \/>\n<strong>E-mail<\/strong><br \/>\nventas@hernanboeri.cl<\/p>\n<p><strong>Contactos Ventas<\/strong><\/p>\n<p>Hern\u00e1n Boeri: Gerencia.<br \/>\nPatricia Carrasco: Ventas e Importaciones.<br \/>\nRodrigo Medina: VI, VII, VIII Regiones.<br \/>\nRodrigo Araya: VIII, IX, X Regiones.<\/p>\n\r\n\t\t<\/div>\r\n\t<\/div>\r\n<\/div><\/div><\/div><\/div><\/div><\/section>\n","protected":false},"excerpt":{"rendered":"Proveemos sierras circulares para aserraderos, plantas de remanufactura, e industria del mueble. Proveemos sierras huinchas de diferentes dimensiones seg\u00fan requerimiento del cliente. Cotizaciones Direcci\u00f3n Bandera 899, Concepci\u00f3n \u2013 Chile Tel\u00e9fono +56 41 3331450 Fax 56 41-2910085 E-mail ventas@hernanboeri.cl Contactos Ventas Hern\u00e1n Boeri: Gerencia. Patricia Carrasco: Ventas e Importaciones. Rodrigo Medina: VI, VII, VIII Regiones. Rodrigo...","protected":false},"author":1,"featured_media":252,"parent":0,"menu_order":0,"comment_status":"closed","ping_status":"closed","template":"","meta":{"footnotes":""},"class_list":["post-20","page","type-page","status-publish","has-post-thumbnail","hentry"],"_links":{"self":[{"href":"https:\/\/hernanboeri.cl\/v3\/wp-json\/wp\/v2\/pages\/20","targetHints":{"allow":["GET"]}}],"collection":[{"href":"https:\/\/hernanboeri.cl\/v3\/wp-json\/wp\/v2\/pages"}],"about":[{"href":"https:\/\/hernanboeri.cl\/v3\/wp-json\/wp\/v2\/types\/page"}],"author":[{"embeddable":true,"href":"https:\/\/hernanboeri.cl\/v3\/wp-json\/wp\/v2\/users\/1"}],"replies":[{"embeddable":true,"href":"https:\/\/hernanboeri.cl\/v3\/wp-json\/wp\/v2\/comments?post=20"}],"version-history":[{"count":13,"href":"https:\/\/hernanboeri.cl\/v3\/wp-json\/wp\/v2\/pages\/20\/revisions"}],"predecessor-version":[{"id":489,"href":"https:\/\/hernanboeri.cl\/v3\/wp-json\/wp\/v2\/pages\/20\/revisions\/489"}],"wp:featuredmedia":[{"embeddable":true,"href":"https:\/\/hernanboeri.cl\/v3\/wp-json\/wp\/v2\/media\/252"}],"wp:attachment":[{"href":"https:\/\/hernanboeri.cl\/v3\/wp-json\/wp\/v2\/media?parent=20"}],"curies":[{"name":"wp","href":"https:\/\/api.w.org\/{rel}","templated":true}]}}